 the hundreds digit of 35593780?
7
What is the units digit of 1579671136?
6
What is the hundred thousands digit of 7074033?
0
What is the tens digit of 5031133092?
9
What is the billions digit of 1647828343?
1
What is the thousands digit of 844652949?
2
What is the hundred millions digit of 1453616422?
4
What is the ten thousands digit of 628127724?
2
What is the ten thousands digit of 1545707276?
0
What is the ten millions digit of 26382597?
2
What is the hundreds digit of 358660633?
6
What is the units digit of 4804360?
0
What is the millions digit of 407445180?
7
What is the tens digit of 176749329?
2
What is the hundred thousands digit of 3186292441?
2
What is the ten thousands digit of 106392761?
9
What is the ten millions digit of 47083516?
4
What is the hundreds digit of 125443093?
0
What is the hundreds digit of 874781285?
2
What is the units digit of 378174339?
9
What is the units digit of 452463279?
9
What is the hundred millions digit of 393663180?
3
What is the hundred thousands digit of 37919913?
9
What is the hundreds digit of 2987256983?
9
What is the hundreds digit of 56513186?
1
What is the millions digit of 65640343?
5
What is the ten thousands digit of 274970357?
7
What is the millions digit of 84876538?
4
What is the ten thousands digit of 53613888?
1
What is the billions digit of 5026525186?
5
What is the hundreds digit of 25894743?
7
What is the hundreds digit of 53106172?
1
What is the thousands digit of 325084411?
4
What is the hundreds digit of 12432998?
9
What is the ten millions digit of 257181717?
5
What is the units digit of 147589399?
9
What is the ten thousands digit of 1604056696?
5
What is the hundred millions digit of 237924174?
2
What is the hundred thousands digit of 199130457?
1
What is the hundreds digit of 249917223?
2
What is the ten millions digit of 74534661?
7
What is the ten thousands digit of 17425502?
2
What is the billions digit of 2542538783?
2
What is the millions digit of 57370542?
7
What is the ten millions digit of 63598582?
6
What is the hundred thousands digit of 883647696?
6
What is the millions digit of 33756149?
3
What is the thousands digit of 864362674?
2
What is the ten thousands digit of 1690931905?
3
What is the hundred millions digit of 599442795?
5
What is the ten millions digit of 27118353?
2
What is the hundreds digit of 23662354?
3
What is the units digit of 17612790?
0
What is the ten thousands digit of 109254054?
5
What is the ten millions digit of 24073799?
2
What is the ten thousands digit of 286831148?
3
What is the thousands digit of 34987109?
7
What is the millions digit of 69122156?
9
What is the millions digit of 31566662?
1
What is the thousands digit of 118428421?
8
What is the thousands digit of 31477111?
7
What is the thousands digit of 559492168?
2
What is the hundreds digit of 984308801?
8
What is the ten thousands digit of 8157764?
5
What is the tens digit of 11667959?
5
What is the millions digit of 1797598329?
7
What is the ten millions digit of 1473667627?
7
What is the hundred thousands digit of 108871261?
8
What is the millions digit of 49527918?
9
What is the units digit of 318946480?
0
What is the thousands digit of 2995627833?
7
What is the hundred thousands digit of 25354020?
3
What is the tens digit of 234396970?
7
What is the ten millions digit of 34088411?
3
What is the ten millions digit of 1750934997?
5
What is the thousands digit of 24583271?
3
What is the units digit of 380174260?
0
What is the units digit of 635741?
1
What is the units digit of 30339798?
8
What is the ten thousands digit of 11028014?
2
What is the hundred millions digit of 1132828799?
1
What is the millions digit of 873909951?
3
What is the thousands digit of 164096620?
6
What is the thousands digit of 918633277?
3
What is the units digit of 423535043?
3
What is the ten millions digit of 73012640?
7
What is the tens digit of 92080242?
4
What is the hundred millions digit of 510036448?
5
What is the billions digit of 6771302341?
6
What is the ten thousands digit of 8306063512?
6
What is the hundred thousands digit of 35595033?
5
What is the thousands digit of 111267607?
7
What is the tens digit of 1592975609?
0
What is the hundreds digit of 1763703474?
4
What is the ten thousands digit of 7333373?
3
What is the billions digit of 2279916889?
2
What is the thousands digit of 29860933?
0
What is the tens digit of 29017860?
6
What is the ten millions digit of 113775256?
1
What is the tens digit of 25711025?
2
What is the ten millions digit of 304878202?
0
What is the hundreds digit of 415643387?
3
What is the hundred thousands digit of 9641715?
6
What is the hundreds digit of 283030533?
5
What is the hundred millions digit of 153046256?
1
What is the units digit of 1083648156?
6
What is the thousands digit of 33690290?
0
What is the hundred thousands digit of 29743952?
7
What is the millions digit of 154729758?
4
What is the tens digit of 1591804121?
2
What is the ten millions digit of 12162041?
1
What is the hundred thousands digit of 347838751?
8
What is the hundred millions digit of 2751122934?
7
What is the units digit of 25239718?
8
What is the hundreds digit of 123508173?
1
What is the tens digit of 103149597?
9
What is the hundred millions digit of 321003555?
3
What is the units digit of 6335460?
0
What is the ten thousands digit of 46073541?
7
What is the thousands digit of 52604190?
4
What is the millions digit of 196555497?
6
What is the ten millions digit of 13906086?
1
What is the hundreds digit of 268133520?
5
What is the units digit of 423958656?
6
What is the billions digit of 2800214112?
2
What is the units digit of 2746738?
8
What is the hundreds digit of 147581873?
8
What is the ten thousands digit of 96984166?
8
What is the hundred thousands digit of 41900816?
9
What is the thousands digit of 399296954?
6
What is the ten thousands digit of 50762138?
6
What is the units digit of 420227321?
1
What is the hundreds digit of 43741125?
1
What is the ten thousands digit of 6901180613?
8
What is the units digit of 193349132?
2
What is the millions digit of 55000898?
5
What is the hundred millions digit of 1198482230?
1
What is the millions digit of 118992975?
8
What is the ten thousands digit of 58403469?
0
What is the hundred thousands digit of 632769246?
7
What is the millions digit of 5127938995?
7
What is the millions digit of 4378221?
4
What is the ten thousands digit of 776182864?
8
What is the ten millions digit of 529109731?
2
What is the millions digit of 1200741040?
0
What is the hundreds digit of 5809112?
1
What is the thousands digit of 547472962?
2
What is the units digit of 3070820007?
7
What is the millions digit of 69621629?
9
What is the hundred thousands digit of 180230620?
2
What is the hundred millions digit of 3782477414?
7
What is the ten thousands digit of 71533888?
3
What is the hundred thousands digit of 47710733?
7
What is the thousands digit of 106425939?
5
What is the ten thousands digit of 52988715?
8
What is the hundreds digit of 741856144?
1
What is the units digit of 302655925?
5
What is the hundred thousands digit of 1243379163?
3
What is the tens digit of 4149025969?
6
What is the hundred thousands digit of 57614718?
6
What is the hundreds digit of 462551109?
1
What is the ten millions digit of 90706170?
9
What is the hundreds digit of 386845241?
2
What is the millions digit of 896674699?
6
What is the ten millions digit of 267075818?
6
What is the units digit of 188036321?
1
What is the billions digit of 2894786023?
2
What is the tens digit of 3439689907?
0
What is the tens digit of 334684053?
5
What is the units digit of 639243310?
0
What is the hundreds digit of 50753322?
3
What is the thousands digit of 464483460?
3
What is the millions digit of 514307722?
4
What is the hundreds digit of 160174300?
3
What is the millions digit of 2396780619?
6
What is the millions digit of 531354354?
1
What is the hundred thousands digit of 659302051?
3
What is the ten thousands digit of 1234007?
3
What is the ten thousands digit of 3533487906?
8
What is the hundreds digit of 116862273?
2
What is the thousands digit of 2539217578?
7
What is the hundred millions digit of 733876080?
7
What is the hundred thousands digit of 70165431?
1
What is the hu